{"id":85,"date":"2025-09-19T12:08:10","date_gmt":"2025-09-19T10:08:10","guid":{"rendered":"https:\/\/lubelskiecentrumrozwoju.pl\/?page_id=85"},"modified":"2025-09-29T14:56:52","modified_gmt":"2025-09-29T12:56:52","slug":"boleslaw-chrobry-koronacja-ktora-zmienila-historie","status":"publish","type":"page","link":"https:\/\/lubelskiecentrumrozwoju.pl\/?page_id=85","title":{"rendered":"Boles\u0142aw Chrobry \u2013 Koronacja, kt\u00f3ra zmieni\u0142a histori\u0119!"},"content":{"rendered":"\n<div class=\"wp-block-group alignfull has-background-color has-foreground-background-color has-text-color has-background has-link-color wp-elements-3baf2a53be369e28bc0858c0021afa96 is-layout-grid wp-container-core-group-is-layout-ceec9785 wp-block-group-is-layout-grid\" style=\"padding-top:0px;padding-bottom:0px\">\n<figure class=\"wp-block-image alignwide size-full\"><img loading=\"lazy\" decoding=\"async\" width=\"2729\" height=\"859\" src=\"https:\/\/lubelskiecentrumrozwoju.pl\/wp-content\/uploads\/2024\/10\/lcr_logotyp.png\" alt=\"\" class=\"wp-image-23\" srcset=\"https:\/\/lubelskiecentrumrozwoju.pl\/wp-content\/uploads\/2024\/10\/lcr_logotyp.png 2729w, https:\/\/lubelskiecentrumrozwoju.pl\/wp-content\/uploads\/2024\/10\/lcr_logotyp-300x94.png 300w, https:\/\/lubelskiecentrumrozwoju.pl\/wp-content\/uploads\/2024\/10\/lcr_logotyp-1024x322.png 1024w, https:\/\/lubelskiecentrumrozwoju.pl\/wp-content\/uploads\/2024\/10\/lcr_logotyp-768x242.png 768w, https:\/\/lubelskiecentrumrozwoju.pl\/wp-content\/uploads\/2024\/10\/lcr_logotyp-1536x483.png 1536w, https:\/\/lubelskiecentrumrozwoju.pl\/wp-content\/uploads\/2024\/10\/lcr_logotyp-2048x645.png 2048w\" sizes=\"auto, (max-width: 2729px) 100vw, 2729px\" \/><\/figure>\n<\/div>\n\n\n\n<p><\/p>\n\n\n\n<p class=\"has-x-large-font-size\"><strong>Boles\u0142aw Chrobry \u2013 Koronacja, kt\u00f3ra zmieni\u0142a histori\u0119<\/strong>!<\/p>\n\n\n\n<figure class=\"wp-block-table\"><table class=\"has-fixed-layout\"><tbody><tr><td><img loading=\"lazy\" decoding=\"async\" width=\"150\" height=\"44\" class=\"wp-image-100\" style=\"width: 150px;\" src=\"https:\/\/lubelskiecentrumrozwoju.pl\/wp-content\/uploads\/2025\/09\/123.png\" alt=\"\"><\/td><\/tr><\/tbody><\/table><\/figure>\n\n\n\n<p class=\"has-text-align-left\"><strong>Lubelskie Centrum Rozwoju realizuje program \u201eBoles\u0142aw Chrobry \u2013 Koronacja, kt\u00f3ra zmieni\u0142a histori\u0119\u201d, zgodnie z zasadami okre\u015blonymi w og\u0142oszeniu o konkursie na wspieranie realizacji zada\u0144 publicznych Wojew\u00f3dztwa Lubelskiego w zakresie kultury, sztuki, ochrony d\u00f3br kultury i&nbsp;dziedzictwa narodowego pn. \u201e1000-lecie koronacji Boles\u0142awa Chrobrego na kr\u00f3la Polski\u201d<\/strong><\/p>\n\n\n\n<p><\/p>\n\n\n\n<pre class=\"wp-block-verse\"><\/pre>\n\n\n\n<figure class=\"wp-block-table\"><table class=\"has-fixed-layout\"><tbody><tr><td><img loading=\"lazy\" decoding=\"async\" width=\"150\" height=\"44\" class=\"wp-image-100\" style=\"width: 150px;\" src=\"https:\/\/lubelskiecentrumrozwoju.pl\/wp-content\/uploads\/2025\/09\/123.png\" alt=\"\"><\/td><\/tr><\/tbody><\/table><\/figure>\n\n\n\n<pre class=\"wp-block-verse\"><br><em><strong>Kontakt:<\/strong><br>lubelskiecentrumrozwoju@gmail.com<br>+48 508 216 977<\/em><\/pre>\n\n\n\n<h2 class=\"wp-block-heading\"><\/h2>\n","protected":false},"excerpt":{"rendered":"<p>Boles\u0142aw Chrobry \u2013 Koronacja, kt\u00f3ra zmieni\u0142a histori\u0119! Lubelskie Centrum Rozwoju realizuje program \u201eBoles\u0142aw Chrobry \u2013 Koronacja, kt\u00f3ra zmieni\u0142a histori\u0119\u201d, zgodnie z zasadami okre\u015blonymi w og\u0142oszeniu o konkursie na wspieranie realizacji zada\u0144 publicznych Wojew\u00f3dztwa Lubelskiego w zakresie kultury, sztuki, ochrony d\u00f3br kultury i&nbsp;dziedzictwa narodowego pn. \u201e1000-lecie koronacji Boles\u0142awa Chrobrego na kr\u00f3la Polski\u201d Kontakt:lubelskiecentrumrozwoju@gmail.com+48 508 216 977<\/p>\n","protected":false},"author":1,"featured_media":0,"parent":0,"menu_order":0,"comment_status":"closed","ping_status":"closed","template":"","meta":{"footnotes":""},"class_list":["post-85","page","type-page","status-publish","hentry"],"_links":{"self":[{"href":"https:\/\/lubelskiecentrumrozwoju.pl\/index.php?rest_route=\/wp\/v2\/pages\/85","targetHints":{"allow":["GET"]}}],"collection":[{"href":"https:\/\/lubelskiecentrumrozwoju.pl\/index.php?rest_route=\/wp\/v2\/pages"}],"about":[{"href":"https:\/\/lubelskiecentrumrozwoju.pl\/index.php?rest_route=\/wp\/v2\/types\/page"}],"author":[{"embeddable":true,"href":"https:\/\/lubelskiecentrumrozwoju.pl\/index.php?rest_route=\/wp\/v2\/users\/1"}],"replies":[{"embeddable":true,"href":"https:\/\/lubelskiecentrumrozwoju.pl\/index.php?rest_route=%2Fwp%2Fv2%2Fcomments&post=85"}],"version-history":[{"count":3,"href":"https:\/\/lubelskiecentrumrozwoju.pl\/index.php?rest_route=\/wp\/v2\/pages\/85\/revisions"}],"predecessor-version":[{"id":102,"href":"https:\/\/lubelskiecentrumrozwoju.pl\/index.php?rest_route=\/wp\/v2\/pages\/85\/revisions\/102"}],"wp:attachment":[{"href":"https:\/\/lubelskiecentrumrozwoju.pl\/index.php?rest_route=%2Fwp%2Fv2%2Fmedia&parent=85"}],"curies":[{"name":"wp","href":"https:\/\/api.w.org\/{rel}","templated":true}]}}